1))/((-6)/18). Let y be 10 + 10/3*s/10. What is the greatest common factor of o and y?
3
Let y = 297 - 217. Calculate the greatest common factor of 30 and y.
10
Suppose 0 = 4*c - w - 36, 5 = -2*c + 2*w + 17. Calculate the greatest common divisor of 30 and c.
10
Suppose -398 = -5*w - 5*k + 7, 2*w = 4*k + 156. Suppose -304 = -4*a - w. Let b be (-7*1)/1*-1. Calculate the greatest common divisor of a and b.
7
Suppose -3*b - 109 = -5*o, 2*b = -4*o + 3*b + 83. Let j(v) = v - 10. Let a be j(o). What is the greatest common divisor of a and 90?
10
Suppose 0 = -0*h - 6*h + 24. Let g be h/(-6) - 666/(-27). Let n = 128 - -88. What is the greatest common factor of n and g?
24
Suppose -5*k + 245 = -420. Let f = k - 117. Calculate the greatest common factor of 80 and f.
16
Let o(f) = 3*f**2 + f - 7. Let k be o(-5). Let q be (2 - 0)/(-3 + (-14)/(-4)). Let x be -2 + q + 4 + -1 + 2. What is the highest common divisor of k and x?
7
Let p be ((32/3)/(-2) + 5)*-87. What is the greatest common factor of p and 261?
29
Let x(j) = -j**3 + 3*j**2 + 4*j - 1. Let p be x(3). Let k = p - 0. Suppose -2*z - t - 2*t + 3 = 0, 4*t + k = -z. What is the greatest common factor of 45 and z?
9
Let z be (-3 - -1)*14/4. Let u(s) = -s**2 - 5*s. Let n be u(z). Let m = n + 20. Calculate the highest common divisor of 66 and m.
6
Let y = 12 - 13. Let j be (y/(-2))/((-3)/(-114)). Let f(u) = -u**3 - 2*u**2 + 6*u - 7. Let m be f(-5). Calculate the greatest common factor of j and m.
19
Suppose -61 = -3*s - r + 967, -2*s = -4*r - 676. What is the highest common divisor of 6 and s?
6
Suppose 0 = -3*f + k - 8, -5*f + 4*k = k + 20. Let u be 19 + f + 0/2. Suppose -3*q = -0*q - u. What is the greatest common factor of 30 and q?
6
Let q be (-5 - (-15 + 7))*44/6. Calculate the highest common divisor of 473 and q.
11
Let o be -4 - (-11)/((-22)/(-56)). Suppose 0 = -4*g + g + 5*t + 160, g - 3*t - 48 = 0. What is the highest common divisor of o and g?
12
Let t(u) = 3*u**2 + 17*u - 78. Let z be t(-11). Calculate the greatest common factor of 14 and z.
14
Let a(z) = -6*z**2 - 7*z - 4. Let j(x) = -5*x**2 - 7*x - 3. Let g(o) = 2*a(o) - 3*j(o). Let w be g(4). What is the highest common divisor of w and 11?
11
Let g(a) = 186*a - 58. Let q be g(1). What is the highest common factor of 96 and q?
32
Suppose 0 = -2*l + 10, -73 = 4*f + 5*l - 2298. What is the greatest common factor of 44 and f?
22
Let i = 960 + -917. What is the highest common factor of i and 3?
1
Suppose 2*f = -3*r + 3159, 0 = -f + 2*r + 1648 - 58. What is the highest common divisor of f and 16?
16
Let p(r) = r**3 + 3*r**2 - 3*r + 4. Let l be p(-4). Suppose l = 2*o - 178 - 122. What is the highest common divisor of 25 and o?
25
Let p(s) = -2*s**2 + 36*s + 100. Let i be p(20). Calculate the greatest common divisor of 40 and i.
20
Suppose 5*a = 96 + 829. Suppose 4*j - 61 - 87 = 0. What is the highest common factor of j and a?
37
Suppose 0 = 4*z - 4*i - 204, -5*z + 0*z + 223 = 3*i. What is the greatest common divisor of 423 and z?
47
Suppose -2*j + 426 = -4*n + 96, -5*j + 2*n = -825. Suppose -5*z - 45 = -j. What is the highest common divisor of z and 36?
12
Suppose -17*f + 760 = -515. Let h be 5/(-2)*3*-2. Calculate the greatest common factor of f and h.
15
Let q = -398 - -405. Let z be (42/(-6))/(2/(-8)). Calculate the highest common factor of q and z.
7
Suppose 5*b = 9*b - 144. Suppose -268 = 2*y - 46. Let f = -57 - y. What is the greatest common divisor of b and f?
18
Let r be (-182)/(-49) - (-2)/7. Suppose r*h = -h + 125. Suppose -6*v = -2*v - 400. Calculate the greatest common factor of h and v.
25
Let u(x) = x**2 + 6*x - 3. Let o be u(-25). What is the highest common divisor of 59 and o?
59
Suppose 55 = -5*t + 130. Let g be (12/t)/((-1)/5). Let i be g/14 - (-1266)/21. Calculate the greatest common factor of 12 and i.
12
Suppose l - 2*l = 0, 2*h + 5*l = 10. What is the greatest common factor of 65 and h?
5
Let a be (196/(-5))/(4/(-10)). Suppose a = 3*p - 10. What is the greatest common factor of p and 9?
9
Suppose -3*q + 92 = -4*z + 371, -222 = -3*z - 2*q. Calculate the highest common divisor of 8 and z.
8
Let w(k) = -3*k**2 - 2*k**2 - 18*k + 4*k**2 + 14. Let z be w(-18). Calculate the greatest common factor of z and 98.
14
Let y = 611 - 533. What is the highest common divisor of y and 234?
78
Let y be 3 - (-10)/(-12) - (-1)/(-6). Suppose 3*s - 4*l - 38 = 0, 3*l + 43 = y*s + 17. Calculate the highest common divisor of 4 and s.
2
Suppose 2*p + 3*x = 537, -x - 1359 = -5*p - 3*x. Let s = p + -192. Calculate the highest common divisor of s and 9.
9
Let d(p) = -p**3 - 10*p**2 + 29*p - 13. Let q be d(-15). Suppose -q = -4*f + 55. What is the highest common factor of f and 122?
61
Suppose -4*f - 20 + 28 = 0. Let w = -19 + 37. Let g = 40 - w. What is the highest common divisor of g and f?
2
Let d be 2*(1 - 4/8). Let v(p) = -2*p + 9. Let w(j) = -j + 4. Let y(i) = 3*v(i) - 7*w(i). Let q be y(3). What is the greatest common divisor of d and q?
1
Suppose 0 = -m - 4 + 9. Suppose -2*k = 6*a - 4*a - 2, -5*k = -5. Suppose -7*r + 0*r + 105 = a. Calculate the highest common factor of m and r.
5
Let q be 14/5 - (-162)/135. What is the greatest common divisor of 108 and q?
4
Let l = 141 - -102. Let j = -220 - -247. Calculate the highest common divisor of j and l.
27
Let k be 14/49 + 102*(-6)/(-63). Calculate the highest common factor of 685 and k.
5
Let n be 297/(-33) + 2475/3. Calculate the highest common divisor of n and 72.
24
Let s = -1 - -40. Let m = 149 - s. What is the highest common divisor of 44 and m?
22
Let d = -16 + 8. Let b be (7/14 + 0)*-30. Let p = d - b. Calculate the highest common factor of 21 and p.
7
Let y = -415 - -1832. Calculate the greatest common divisor of 13 and y.
13
Let h = 0 - -3. Suppose 4*d = -2*y, -4*y = -h*d - 0*y + 22. Let x be (-2 + d)/(-2) + 39. Calculate the greatest common factor of 13 and x.
13
Suppose -3 + 11 = l. Suppose -l*y + 12*y = 16. Suppose -5*n - 69 = -4*v - y*n, -n = -5*v + 87. Calculate the highest common divisor of 72 and v.
18
Let l = -28 + 36. Let i = l - 5. What is the greatest common factor of 21 and i?
3
Let q be 44/1*(-3)/(-12). Suppose -2*x - x + 36 = 3*r, -2*x = -5*r + q. Let h be 0 + 2 - (-7 - x). What is the highest common factor of h and 80?
16
Let o(j) = j**2 - 24*j + 152. Let h be o(14). What is the greatest common divisor of 5472 and h?
12
Suppose 4 = -2*r + 4*r. Suppose 2*x - r*a = 70, 2*x - 2*a = -4*a + 50. Calculate the greatest common factor of x and 15.
15
Let n be (-94)/(-6) + (-4)/6. Let h(m) = -409*m + 195. Let a be h(0). What is the greatest common divisor of a and n?
15
Let k = 41 - 39. Let r be (2 - 0)*29/2. Let q = r + -19. Calculate the greatest common factor of q and k.
2
Let i be 2*(-6 + 3) + 160. Let l = 20 + -6. Calculate the greatest common factor of i and l.
14
Let d = 112 + -148. Let p be (d/6 + 168)/((-1)/(-2)). Calculate the highest common factor of 36 and p.
36
Suppose -5*s + 10*s - 100 = 0. Suppose 5*d - b = 202, -22 - 50 = -2*d - 4*b. What is the highest common divisor of s and d?
20
Suppose 6 = -2*a, -2*b + 2 = -3*a + 5. Let m be 17 - 1/(2/b). Calculate the highest common divisor of m and 4.
4
Let a be (-12*(-18)/(-48))/((-9)/12). Let q be (8/6)/(2/171). What is the highest common factor of a and q?
6
Let d(o) = o**2 - 21*o - 51. Let h be d(-23). What is the highest common factor of h and 31?
31
Suppose -13*l = -18 - 21. Suppose 4*j = 8*j - 4*m - 268, l*m - 15 = 0. What is the greatest common divisor of j and 48?
24
Let a be ((-94)/6 - -1)*(-342)/152. Calculate the highest common factor of a and 176.
11
Let j(m) = -4*m**3 - m**2. Suppose -4*s + 8*q - 3*q = 33, -3*q + 21 = -3*s. Let f be 4/8*s*1. Let z be j(f). Calculate the greatest common factor of z and 18.
3
Let j be 44 - (-25)/50*(13 - -1). Calculate the highest common factor of 697 and j.
17
Let b(z) = -z**2 + 18*z + 1. Let w be b(18). Suppose 7*f = 8*f - 3. What is the greatest common factor of w and f?
1
Suppose 13*l - 3947 = 2761. Calculate the greatest common factor of 8 and l.
4
Let q(c) = 2*c - 3*c**2 - 2*c**2 + 9 + 4*c**2 + 5*c. Let z be q(9). Let i = 41 + z. What is the greatest common factor of 8 and i?
8
Let k = -113 - -785. Calculate the highest common factor of 21 and k.
21
Suppose 4*i + 2 - 18 = 0. Sup